{"id":3717,"date":"2024-10-28T16:46:53","date_gmt":"2024-10-28T16:46:53","guid":{"rendered":"https:\/\/www.coaliciondelasamericas.org\/blog\/?page_id=3717"},"modified":"2025-08-05T23:11:16","modified_gmt":"2025-08-05T23:11:16","slug":"coa-en-el-consorcio-europeo-de-hemofilia","status":"publish","type":"page","link":"https:\/\/www.coaliciondelasamericas.org\/blog\/galeria\/coa-en-el-consorcio-europeo-de-hemofilia\/","title":{"rendered":"La CoA en el Consorcio Europeo de Hemofilia"},"content":{"rendered":"\n<p><\/p>\n\n\n\n<div class=\"wp-block-columns is-layout-flex wp-container-core-columns-is-layout-28f84493 wp-block-columns-is-layout-flex\">\n<div class=\"wp-block-column is-layout-flow wp-block-column-is-layout-flow\" style=\"flex-basis:33.33%\">\n<figure class=\"wp-block-image size-full\"><img loading=\"lazy\" decoding=\"async\" width=\"607\" height=\"364\" src=\"https:\/\/www.coaliciondelasamericas.org\/blog\/wp-content\/uploads\/2024\/10\/Ech-2024-00.jpg\" alt=\"\" class=\"wp-image-3814\" srcset=\"https:\/\/www.coaliciondelasamericas.org\/blog\/wp-content\/uploads\/2024\/10\/Ech-2024-00.jpg 607w, https:\/\/www.coaliciondelasamericas.org\/blog\/wp-content\/uploads\/2024\/10\/Ech-2024-00-300x180.jpg 300w\" sizes=\"auto, (max-width: 607px) 100vw, 607px\" \/><\/figure>\n<\/div>\n\n\n\n<div class=\"wp-block-column is-layout-flow wp-block-column-is-layout-flow\" style=\"flex-basis:66.66%\">\n<p>La Coalici\u00f3n de las Am\u00e9ricas tuvo la oportunidad  de estar presente como observador en la Asamblea General 2024 del Consorcio Europeo de Hemofilia, que se llev\u00f3 a cabo del 4 al 6 de octubre en Sof\u00eda, Bulgaria. Este importante evento, organizado por el Consorcio Europeo de Hemofilia y la Asociaci\u00f3n B\u00falgara de Hemofilia, re\u00fane l\u00edderes y expertos de todo el mundo para compartir conocimientos y fortalecer la comunidad global en torno a la hemofilia y otros trastornos de la coagulaci\u00f3n. Gracias por la oportunidad de mantener encuentros y reuniones con l\u00edderes y laboratorios de nivel mundial.<\/p>\n\n\n\n<p>\u00a1Estamos emocionados de formar parte de esta experiencia internacional!<\/p>\n<\/div>\n<\/div>\n\n\n\n<hr class=\"wp-block-separator has-text-color has-cyan-bluish-gray-color has-alpha-channel-opacity has-cyan-bluish-gray-background-color has-background is-style-wide\"\/>\n\n\n\n<figure class=\"wp-block-gallery has-nested-images columns-default is-cropped wp-block-gallery-1 is-layout-flex wp-block-gallery-is-layout-flex\">\n<figure class=\"wp-block-image size-large\"><img loading=\"lazy\" decoding=\"async\" width=\"595\" height=\"364\" data-id=\"3818\" src=\"https:\/\/www.coaliciondelasamericas.org\/blog\/wp-content\/uploads\/2024\/10\/Ech-2024-01.jpg\" alt=\"\" class=\"wp-image-3818\" srcset=\"https:\/\/www.coaliciondelasamericas.org\/blog\/wp-content\/uploads\/2024\/10\/Ech-2024-01.jpg 595w, https:\/\/www.coaliciondelasamericas.org\/blog\/wp-content\/uploads\/2024\/10\/Ech-2024-01-300x184.jpg 300w\" sizes=\"auto, (max-width: 595px) 100vw, 595px\" \/><\/figure>\n\n\n\n<figure class=\"wp-block-image size-large\"><img loading=\"lazy\" decoding=\"async\" width=\"595\" height=\"364\" data-id=\"3815\" src=\"https:\/\/www.coaliciondelasamericas.org\/blog\/wp-content\/uploads\/2024\/10\/Ech-2024-03.jpg\" alt=\"\" class=\"wp-image-3815\" srcset=\"https:\/\/www.coaliciondelasamericas.org\/blog\/wp-content\/uploads\/2024\/10\/Ech-2024-03.jpg 595w, https:\/\/www.coaliciondelasamericas.org\/blog\/wp-content\/uploads\/2024\/10\/Ech-2024-03-300x184.jpg 300w\" sizes=\"auto, (max-width: 595px) 100vw, 595px\" \/><\/figure>\n\n\n\n<figure class=\"wp-block-image size-large\"><img loading=\"lazy\" decoding=\"async\" width=\"595\" height=\"364\" data-id=\"3819\" src=\"https:\/\/www.coaliciondelasamericas.org\/blog\/wp-content\/uploads\/2024\/10\/Ech-2024-04.jpg\" alt=\"\" class=\"wp-image-3819\" srcset=\"https:\/\/www.coaliciondelasamericas.org\/blog\/wp-content\/uploads\/2024\/10\/Ech-2024-04.jpg 595w, https:\/\/www.coaliciondelasamericas.org\/blog\/wp-content\/uploads\/2024\/10\/Ech-2024-04-300x184.jpg 300w\" sizes=\"auto, (max-width: 595px) 100vw, 595px\" \/><\/figure>\n\n\n\n<figure class=\"wp-block-image size-large\"><img loading=\"lazy\" decoding=\"async\" width=\"595\" height=\"364\" data-id=\"3820\" src=\"https:\/\/www.coaliciondelasamericas.org\/blog\/wp-content\/uploads\/2024\/10\/Ech-2024-05.jpg\" alt=\"\" class=\"wp-image-3820\" srcset=\"https:\/\/www.coaliciondelasamericas.org\/blog\/wp-content\/uploads\/2024\/10\/Ech-2024-05.jpg 595w, https:\/\/www.coaliciondelasamericas.org\/blog\/wp-content\/uploads\/2024\/10\/Ech-2024-05-300x184.jpg 300w\" sizes=\"auto, (max-width: 595px) 100vw, 595px\" \/><\/figure>\n\n\n\n<figure class=\"wp-block-image size-large\"><img loading=\"lazy\" decoding=\"async\" width=\"595\" height=\"364\" data-id=\"3816\" src=\"https:\/\/www.coaliciondelasamericas.org\/blog\/wp-content\/uploads\/2024\/10\/Ech-2024-06.jpg\" alt=\"\" class=\"wp-image-3816\" srcset=\"https:\/\/www.coaliciondelasamericas.org\/blog\/wp-content\/uploads\/2024\/10\/Ech-2024-06.jpg 595w, https:\/\/www.coaliciondelasamericas.org\/blog\/wp-content\/uploads\/2024\/10\/Ech-2024-06-300x184.jpg 300w\" sizes=\"auto, (max-width: 595px) 100vw, 595px\" \/><\/figure>\n\n\n\n<figure class=\"wp-block-image size-large\"><img loading=\"lazy\" decoding=\"async\" width=\"595\" height=\"364\" data-id=\"3817\" src=\"https:\/\/www.coaliciondelasamericas.org\/blog\/wp-content\/uploads\/2024\/10\/Ech-2024-07.jpg\" alt=\"\" class=\"wp-image-3817\" srcset=\"https:\/\/www.coaliciondelasamericas.org\/blog\/wp-content\/uploads\/2024\/10\/Ech-2024-07.jpg 595w, https:\/\/www.coaliciondelasamericas.org\/blog\/wp-content\/uploads\/2024\/10\/Ech-2024-07-300x184.jpg 300w\" sizes=\"auto, (max-width: 595px) 100vw, 595px\" \/><\/figure>\n<\/figure>\n\n\n\n<p><\/p>\n\n\n\n<p class=\"has-text-align-center\"><strong>Redes del Consorcio Europeo de Hemofilia<\/strong><\/p>\n\n\n\n<div class=\"wp-block-columns is-layout-flex wp-container-core-columns-is-layout-28f84493 wp-block-columns-is-layout-flex\">\n<div class=\"wp-block-column is-layout-flow wp-block-column-is-layout-flow\"><\/div>\n\n\n\n<div class=\"wp-block-column is-layout-flow wp-block-column-is-layout-flow\">\n<figure class=\"wp-block-image alignright size-full is-resized has-lightbox\"><a href=\"https:\/\/www.facebook.com\/EuropeanHaemophiliaConsortium\" target=\"_blank\" rel=\"noreferrer noopener\"><img loading=\"lazy\" decoding=\"async\" width=\"165\" height=\"165\" src=\"https:\/\/www.coaliciondelasamericas.org\/blog\/wp-content\/uploads\/2022\/08\/Logo-Facebook-1.jpg\" alt=\"\" class=\"wp-image-180\" style=\"width:55px;height:auto\" srcset=\"https:\/\/www.coaliciondelasamericas.org\/blog\/wp-content\/uploads\/2022\/08\/Logo-Facebook-1.jpg 165w, https:\/\/www.coaliciondelasamericas.org\/blog\/wp-content\/uploads\/2022\/08\/Logo-Facebook-1-150x150.jpg 150w\" sizes=\"auto, (max-width: 165px) 100vw, 165px\" \/><\/a><\/figure>\n<\/div>\n\n\n\n<div class=\"wp-block-column is-layout-flow wp-block-column-is-layout-flow\">\n<figure class=\"wp-block-image size-full is-resized has-lightbox\"><a href=\"https:\/\/www.instagram.com\/ehc_haemophilia\/\" target=\"_blank\" rel=\"noreferrer noopener\"><img loading=\"lazy\" decoding=\"async\" width=\"165\" height=\"164\" src=\"https:\/\/www.coaliciondelasamericas.org\/blog\/wp-content\/uploads\/2022\/08\/Logo-Instagram-1.jpg\" alt=\"\" class=\"wp-image-181\" style=\"width:53px;height:auto\" srcset=\"https:\/\/www.coaliciondelasamericas.org\/blog\/wp-content\/uploads\/2022\/08\/Logo-Instagram-1.jpg 165w, https:\/\/www.coaliciondelasamericas.org\/blog\/wp-content\/uploads\/2022\/08\/Logo-Instagram-1-150x150.jpg 150w\" sizes=\"auto, (max-width: 165px) 100vw, 165px\" \/><\/a><\/figure>\n<\/div>\n\n\n\n<div class=\"wp-block-column is-layout-flow wp-block-column-is-layout-flow\"><\/div>\n<\/div>\n\n\n\n<p><\/p>\n","protected":false},"excerpt":{"rendered":"<p>La Coalici\u00f3n de las Am\u00e9ricas tuvo la oportunidad de estar presente como observador en la Asamblea General 2024 del Consorcio<\/p>\n","protected":false},"author":1,"featured_media":0,"parent":42,"menu_order":21,"comment_status":"closed","ping_status":"closed","template":"","meta":{"colormag_page_container_layout":"no_sidebar_content_centered","colormag_page_sidebar_layout":"no_sidebar","_coblocks_attr":"","_coblocks_dimensions":"","_coblocks_responsive_height":"","_coblocks_accordion_ie_support":"","_monsterinsights_skip_tracking":false,"_monsterinsights_sitenote_active":false,"_monsterinsights_sitenote_note":"","_monsterinsights_sitenote_category":0,"footnotes":""},"class_list":["post-3717","page","type-page","status-publish","hentry"],"yoast_head":"<!-- This site is optimized with the Yoast SEO plugin v27.4 - https:\/\/yoast.com\/product\/yoast-seo-wordpress\/ -->\n<title>La CoA en el Consorcio Europeo de Hemofilia - Coalici&oacute;n de las Am&eacute;ricas<\/title>\n<meta name=\"description\" content=\"Coalici\u00f3n de las Am\u00e9ricas tuvo la oportunidad de estar presente como observador en la Asamblea General 2024 del Consorcio Europeo de Hemofilia\" \/>\n<meta name=\"robots\" content=\"index, follow, max-snippet:-1, max-image-preview:large, max-video-preview:-1\" \/>\n<link rel=\"canonical\" href=\"https:\/\/www.coaliciondelasamericas.org\/blog\/galeria\/coa-en-el-consorcio-europeo-de-hemofilia\/\" \/>\n<meta property=\"og:locale\" content=\"es_ES\" \/>\n<meta property=\"og:type\" content=\"article\" \/>\n<meta property=\"og:title\" content=\"La CoA en el Consorcio Europeo de Hemofilia - Coalici&oacute;n de las Am&eacute;ricas\" \/>\n<meta property=\"og:description\" content=\"Coalici\u00f3n de las Am\u00e9ricas tuvo la oportunidad de estar presente como observador en la Asamblea General 2024 del Consorcio Europeo de Hemofilia\" \/>\n<meta property=\"og:url\" content=\"https:\/\/www.coaliciondelasamericas.org\/blog\/galeria\/coa-en-el-consorcio-europeo-de-hemofilia\/\" \/>\n<meta property=\"og:site_name\" content=\"Coalici&oacute;n de las Am&eacute;ricas\" \/>\n<meta property=\"article:modified_time\" content=\"2025-08-05T23:11:16+00:00\" \/>\n<meta property=\"og:image\" content=\"https:\/\/www.coaliciondelasamericas.org\/blog\/wp-content\/uploads\/2024\/10\/Ech-2024-00.jpg\" \/>\n\t<meta property=\"og:image:width\" content=\"607\" \/>\n\t<meta property=\"og:image:height\" content=\"364\" \/>\n\t<meta property=\"og:image:type\" content=\"image\/jpeg\" \/>\n<meta name=\"twitter:card\" content=\"summary_large_image\" \/>\n<meta name=\"twitter:label1\" content=\"Tiempo de lectura\" \/>\n\t<meta name=\"twitter:data1\" content=\"3 minutos\" \/>\n<script type=\"application\/ld+json\" class=\"yoast-schema-graph\">{\"@context\":\"https:\\\/\\\/schema.org\",\"@graph\":[{\"@type\":\"WebPage\",\"@id\":\"https:\\\/\\\/www.coaliciondelasamericas.org\\\/blog\\\/galeria\\\/coa-en-el-consorcio-europeo-de-hemofilia\\\/\",\"url\":\"https:\\\/\\\/www.coaliciondelasamericas.org\\\/blog\\\/galeria\\\/coa-en-el-consorcio-europeo-de-hemofilia\\\/\",\"name\":\"La CoA en el Consorcio Europeo de Hemofilia - Coalici&oacute;n de las Am&eacute;ricas\",\"isPartOf\":{\"@id\":\"https:\\\/\\\/www.coaliciondelasamericas.org\\\/blog\\\/#website\"},\"primaryImageOfPage\":{\"@id\":\"https:\\\/\\\/www.coaliciondelasamericas.org\\\/blog\\\/galeria\\\/coa-en-el-consorcio-europeo-de-hemofilia\\\/#primaryimage\"},\"image\":{\"@id\":\"https:\\\/\\\/www.coaliciondelasamericas.org\\\/blog\\\/galeria\\\/coa-en-el-consorcio-europeo-de-hemofilia\\\/#primaryimage\"},\"thumbnailUrl\":\"https:\\\/\\\/www.coaliciondelasamericas.org\\\/blog\\\/wp-content\\\/uploads\\\/2024\\\/10\\\/Ech-2024-00.jpg\",\"datePublished\":\"2024-10-28T16:46:53+00:00\",\"dateModified\":\"2025-08-05T23:11:16+00:00\",\"description\":\"Coalici\u00f3n de las Am\u00e9ricas tuvo la oportunidad de estar presente como observador en la Asamblea General 2024 del Consorcio Europeo de Hemofilia\",\"breadcrumb\":{\"@id\":\"https:\\\/\\\/www.coaliciondelasamericas.org\\\/blog\\\/galeria\\\/coa-en-el-consorcio-europeo-de-hemofilia\\\/#breadcrumb\"},\"inLanguage\":\"es\",\"potentialAction\":[{\"@type\":\"ReadAction\",\"target\":[\"https:\\\/\\\/www.coaliciondelasamericas.org\\\/blog\\\/galeria\\\/coa-en-el-consorcio-europeo-de-hemofilia\\\/\"]}]},{\"@type\":\"ImageObject\",\"inLanguage\":\"es\",\"@id\":\"https:\\\/\\\/www.coaliciondelasamericas.org\\\/blog\\\/galeria\\\/coa-en-el-consorcio-europeo-de-hemofilia\\\/#primaryimage\",\"url\":\"https:\\\/\\\/www.coaliciondelasamericas.org\\\/blog\\\/wp-content\\\/uploads\\\/2024\\\/10\\\/Ech-2024-00.jpg\",\"contentUrl\":\"https:\\\/\\\/www.coaliciondelasamericas.org\\\/blog\\\/wp-content\\\/uploads\\\/2024\\\/10\\\/Ech-2024-00.jpg\",\"width\":607,\"height\":364},{\"@type\":\"BreadcrumbList\",\"@id\":\"https:\\\/\\\/www.coaliciondelasamericas.org\\\/blog\\\/galeria\\\/coa-en-el-consorcio-europeo-de-hemofilia\\\/#breadcrumb\",\"itemListElement\":[{\"@type\":\"ListItem\",\"position\":1,\"name\":\"Portada\",\"item\":\"https:\\\/\\\/www.coaliciondelasamericas.org\\\/blog\\\/\"},{\"@type\":\"ListItem\",\"position\":2,\"name\":\"Galer\u00eda\",\"item\":\"https:\\\/\\\/www.coaliciondelasamericas.org\\\/blog\\\/galeria\\\/\"},{\"@type\":\"ListItem\",\"position\":3,\"name\":\"La CoA en el Consorcio Europeo de Hemofilia\"}]},{\"@type\":\"WebSite\",\"@id\":\"https:\\\/\\\/www.coaliciondelasamericas.org\\\/blog\\\/#website\",\"url\":\"https:\\\/\\\/www.coaliciondelasamericas.org\\\/blog\\\/\",\"name\":\"Coalici&oacute;n de las Am&eacute;ricas\",\"description\":\"Lideres Unidos por el Bienestar de la Hemofilia\",\"publisher\":{\"@id\":\"https:\\\/\\\/www.coaliciondelasamericas.org\\\/blog\\\/#organization\"},\"potentialAction\":[{\"@type\":\"SearchAction\",\"target\":{\"@type\":\"EntryPoint\",\"urlTemplate\":\"https:\\\/\\\/www.coaliciondelasamericas.org\\\/blog\\\/?s={search_term_string}\"},\"query-input\":{\"@type\":\"PropertyValueSpecification\",\"valueRequired\":true,\"valueName\":\"search_term_string\"}}],\"inLanguage\":\"es\"},{\"@type\":\"Organization\",\"@id\":\"https:\\\/\\\/www.coaliciondelasamericas.org\\\/blog\\\/#organization\",\"name\":\"Coalici&oacute;n de las Am&eacute;ricas\",\"url\":\"https:\\\/\\\/www.coaliciondelasamericas.org\\\/blog\\\/\",\"logo\":{\"@type\":\"ImageObject\",\"inLanguage\":\"es\",\"@id\":\"https:\\\/\\\/www.coaliciondelasamericas.org\\\/blog\\\/#\\\/schema\\\/logo\\\/image\\\/\",\"url\":\"https:\\\/\\\/www.coaliciondelasamericas.org\\\/blog\\\/wp-content\\\/uploads\\\/2023\\\/03\\\/cropped-01-Portada-02.png\",\"contentUrl\":\"https:\\\/\\\/www.coaliciondelasamericas.org\\\/blog\\\/wp-content\\\/uploads\\\/2023\\\/03\\\/cropped-01-Portada-02.png\",\"width\":300,\"height\":130,\"caption\":\"Coalici&oacute;n de las Am&eacute;ricas\"},\"image\":{\"@id\":\"https:\\\/\\\/www.coaliciondelasamericas.org\\\/blog\\\/#\\\/schema\\\/logo\\\/image\\\/\"}}]}<\/script>\n<!-- \/ Yoast SEO plugin. -->","yoast_head_json":{"title":"La CoA en el Consorcio Europeo de Hemofilia - Coalici&oacute;n de las Am&eacute;ricas","description":"Coalici\u00f3n de las Am\u00e9ricas tuvo la oportunidad de estar presente como observador en la Asamblea General 2024 del Consorcio Europeo de Hemofilia","robots":{"index":"index","follow":"follow","max-snippet":"max-snippet:-1","max-image-preview":"max-image-preview:large","max-video-preview":"max-video-preview:-1"},"canonical":"https:\/\/www.coaliciondelasamericas.org\/blog\/galeria\/coa-en-el-consorcio-europeo-de-hemofilia\/","og_locale":"es_ES","og_type":"article","og_title":"La CoA en el Consorcio Europeo de Hemofilia - Coalici&oacute;n de las Am&eacute;ricas","og_description":"Coalici\u00f3n de las Am\u00e9ricas tuvo la oportunidad de estar presente como observador en la Asamblea General 2024 del Consorcio Europeo de Hemofilia","og_url":"https:\/\/www.coaliciondelasamericas.org\/blog\/galeria\/coa-en-el-consorcio-europeo-de-hemofilia\/","og_site_name":"Coalici&oacute;n de las Am&eacute;ricas","article_modified_time":"2025-08-05T23:11:16+00:00","og_image":[{"width":607,"height":364,"url":"https:\/\/www.coaliciondelasamericas.org\/blog\/wp-content\/uploads\/2024\/10\/Ech-2024-00.jpg","type":"image\/jpeg"}],"twitter_card":"summary_large_image","twitter_misc":{"Tiempo de lectura":"3 minutos"},"schema":{"@context":"https:\/\/schema.org","@graph":[{"@type":"WebPage","@id":"https:\/\/www.coaliciondelasamericas.org\/blog\/galeria\/coa-en-el-consorcio-europeo-de-hemofilia\/","url":"https:\/\/www.coaliciondelasamericas.org\/blog\/galeria\/coa-en-el-consorcio-europeo-de-hemofilia\/","name":"La CoA en el Consorcio Europeo de Hemofilia - Coalici&oacute;n de las Am&eacute;ricas","isPartOf":{"@id":"https:\/\/www.coaliciondelasamericas.org\/blog\/#website"},"primaryImageOfPage":{"@id":"https:\/\/www.coaliciondelasamericas.org\/blog\/galeria\/coa-en-el-consorcio-europeo-de-hemofilia\/#primaryimage"},"image":{"@id":"https:\/\/www.coaliciondelasamericas.org\/blog\/galeria\/coa-en-el-consorcio-europeo-de-hemofilia\/#primaryimage"},"thumbnailUrl":"https:\/\/www.coaliciondelasamericas.org\/blog\/wp-content\/uploads\/2024\/10\/Ech-2024-00.jpg","datePublished":"2024-10-28T16:46:53+00:00","dateModified":"2025-08-05T23:11:16+00:00","description":"Coalici\u00f3n de las Am\u00e9ricas tuvo la oportunidad de estar presente como observador en la Asamblea General 2024 del Consorcio Europeo de Hemofilia","breadcrumb":{"@id":"https:\/\/www.coaliciondelasamericas.org\/blog\/galeria\/coa-en-el-consorcio-europeo-de-hemofilia\/#breadcrumb"},"inLanguage":"es","potentialAction":[{"@type":"ReadAction","target":["https:\/\/www.coaliciondelasamericas.org\/blog\/galeria\/coa-en-el-consorcio-europeo-de-hemofilia\/"]}]},{"@type":"ImageObject","inLanguage":"es","@id":"https:\/\/www.coaliciondelasamericas.org\/blog\/galeria\/coa-en-el-consorcio-europeo-de-hemofilia\/#primaryimage","url":"https:\/\/www.coaliciondelasamericas.org\/blog\/wp-content\/uploads\/2024\/10\/Ech-2024-00.jpg","contentUrl":"https:\/\/www.coaliciondelasamericas.org\/blog\/wp-content\/uploads\/2024\/10\/Ech-2024-00.jpg","width":607,"height":364},{"@type":"BreadcrumbList","@id":"https:\/\/www.coaliciondelasamericas.org\/blog\/galeria\/coa-en-el-consorcio-europeo-de-hemofilia\/#breadcrumb","itemListElement":[{"@type":"ListItem","position":1,"name":"Portada","item":"https:\/\/www.coaliciondelasamericas.org\/blog\/"},{"@type":"ListItem","position":2,"name":"Galer\u00eda","item":"https:\/\/www.coaliciondelasamericas.org\/blog\/galeria\/"},{"@type":"ListItem","position":3,"name":"La CoA en el Consorcio Europeo de Hemofilia"}]},{"@type":"WebSite","@id":"https:\/\/www.coaliciondelasamericas.org\/blog\/#website","url":"https:\/\/www.coaliciondelasamericas.org\/blog\/","name":"Coalici&oacute;n de las Am&eacute;ricas","description":"Lideres Unidos por el Bienestar de la Hemofilia","publisher":{"@id":"https:\/\/www.coaliciondelasamericas.org\/blog\/#organization"},"potentialAction":[{"@type":"SearchAction","target":{"@type":"EntryPoint","urlTemplate":"https:\/\/www.coaliciondelasamericas.org\/blog\/?s={search_term_string}"},"query-input":{"@type":"PropertyValueSpecification","valueRequired":true,"valueName":"search_term_string"}}],"inLanguage":"es"},{"@type":"Organization","@id":"https:\/\/www.coaliciondelasamericas.org\/blog\/#organization","name":"Coalici&oacute;n de las Am&eacute;ricas","url":"https:\/\/www.coaliciondelasamericas.org\/blog\/","logo":{"@type":"ImageObject","inLanguage":"es","@id":"https:\/\/www.coaliciondelasamericas.org\/blog\/#\/schema\/logo\/image\/","url":"https:\/\/www.coaliciondelasamericas.org\/blog\/wp-content\/uploads\/2023\/03\/cropped-01-Portada-02.png","contentUrl":"https:\/\/www.coaliciondelasamericas.org\/blog\/wp-content\/uploads\/2023\/03\/cropped-01-Portada-02.png","width":300,"height":130,"caption":"Coalici&oacute;n de las Am&eacute;ricas"},"image":{"@id":"https:\/\/www.coaliciondelasamericas.org\/blog\/#\/schema\/logo\/image\/"}}]}},"_links":{"self":[{"href":"https:\/\/www.coaliciondelasamericas.org\/blog\/wp-json\/wp\/v2\/pages\/3717","targetHints":{"allow":["GET"]}}],"collection":[{"href":"https:\/\/www.coaliciondelasamericas.org\/blog\/wp-json\/wp\/v2\/pages"}],"about":[{"href":"https:\/\/www.coaliciondelasamericas.org\/blog\/wp-json\/wp\/v2\/types\/page"}],"author":[{"embeddable":true,"href":"https:\/\/www.coaliciondelasamericas.org\/blog\/wp-json\/wp\/v2\/users\/1"}],"replies":[{"embeddable":true,"href":"https:\/\/www.coaliciondelasamericas.org\/blog\/wp-json\/wp\/v2\/comments?post=3717"}],"version-history":[{"count":6,"href":"https:\/\/www.coaliciondelasamericas.org\/blog\/wp-json\/wp\/v2\/pages\/3717\/revisions"}],"predecessor-version":[{"id":3827,"href":"https:\/\/www.coaliciondelasamericas.org\/blog\/wp-json\/wp\/v2\/pages\/3717\/revisions\/3827"}],"up":[{"embeddable":true,"href":"https:\/\/www.coaliciondelasamericas.org\/blog\/wp-json\/wp\/v2\/pages\/42"}],"wp:attachment":[{"href":"https:\/\/www.coaliciondelasamericas.org\/blog\/wp-json\/wp\/v2\/media?parent=3717"}],"curies":[{"name":"wp","href":"https:\/\/api.w.org\/{rel}","templated":true}]}}