{"id":3679,"date":"2024-09-16T20:54:17","date_gmt":"2024-09-16T20:54:17","guid":{"rendered":"https:\/\/www.coaliciondelasamericas.org\/blog\/?page_id=3679"},"modified":"2024-09-16T22:47:57","modified_gmt":"2024-09-16T22:47:57","slug":"programa-de-becas","status":"publish","type":"page","link":"https:\/\/www.coaliciondelasamericas.org\/blog\/estudios\/programa-de-becas\/","title":{"rendered":"Programa de Becas"},"content":{"rendered":"\n<p>Este programa de becas busca educar y fortalecer a los l\u00edderes de la regi\u00f3n, a trav\u00e9s de capacitaciones en diferentes pa\u00edses del \u00e1rea.<\/p>\n\n\n\n<p>Algunos de las becas obtenidas son:<\/p>\n\n\n\n<hr class=\"wp-block-separator has-text-color has-vivid-cyan-blue-color has-alpha-channel-opacity has-vivid-cyan-blue-background-color has-background is-style-wide\"\/>\n\n\n\n<div class=\"wp-block-columns is-layout-flex wp-container-core-columns-is-layout-28f84493 wp-block-columns-is-layout-flex\">\n<div class=\"wp-block-column is-layout-flow wp-block-column-is-layout-flow\" style=\"flex-basis:20%\">\n<figure class=\"wp-block-image size-full\"><img loading=\"lazy\" decoding=\"async\" width=\"400\" height=\"400\" src=\"https:\/\/www.coaliciondelasamericas.org\/blog\/wp-content\/uploads\/2024\/07\/radn4BIyShad8RuBaoeX_0001-32954647992.png\" alt=\"\" class=\"wp-image-3551\" srcset=\"https:\/\/www.coaliciondelasamericas.org\/blog\/wp-content\/uploads\/2024\/07\/radn4BIyShad8RuBaoeX_0001-32954647992.png 400w, https:\/\/www.coaliciondelasamericas.org\/blog\/wp-content\/uploads\/2024\/07\/radn4BIyShad8RuBaoeX_0001-32954647992-300x300.png 300w, https:\/\/www.coaliciondelasamericas.org\/blog\/wp-content\/uploads\/2024\/07\/radn4BIyShad8RuBaoeX_0001-32954647992-150x150.png 150w\" sizes=\"auto, (max-width: 400px) 100vw, 400px\" \/><\/figure>\n<\/div>\n\n\n\n<div class=\"wp-block-column is-layout-flow wp-block-column-is-layout-flow\" style=\"flex-basis:80%\">\n<p><strong>Conferencia Latina 2024  &#8211; Orlando<br>Patrocinado<\/strong>:  <a href=\"https:\/\/floridahemophilia.org\/\" target=\"_blank\" rel=\"noreferrer noopener\">Florida Hemophilia Association<\/a><br><br><strong>Objetivo<\/strong>: Esta actividad est\u00e1 dise\u00f1ada para continuar fomentando y fortaleciendo la participaci\u00f3n de los l\u00edderes y voluntarios de las Am\u00e9ricas en diversas acciones formativas en el \u00e1mbito de la hemofilia. <\/p>\n<\/div>\n<\/div>\n\n\n\n<hr class=\"wp-block-separator has-text-color has-vivid-cyan-blue-color has-alpha-channel-opacity has-vivid-cyan-blue-background-color has-background is-style-wide\"\/>\n\n\n\n<div class=\"wp-block-columns is-layout-flex wp-container-core-columns-is-layout-28f84493 wp-block-columns-is-layout-flex\">\n<div class=\"wp-block-column is-layout-flow wp-block-column-is-layout-flow\" style=\"flex-basis:20%\">\n<figure class=\"wp-block-image size-full\"><img loading=\"lazy\" decoding=\"async\" width=\"1080\" height=\"1080\" src=\"https:\/\/www.coaliciondelasamericas.org\/blog\/wp-content\/uploads\/2024\/09\/FDSLogo.png\" alt=\"Familia de Sangre\" class=\"wp-image-3698\" srcset=\"https:\/\/www.coaliciondelasamericas.org\/blog\/wp-content\/uploads\/2024\/09\/FDSLogo.png 1080w, https:\/\/www.coaliciondelasamericas.org\/blog\/wp-content\/uploads\/2024\/09\/FDSLogo-300x300.png 300w, https:\/\/www.coaliciondelasamericas.org\/blog\/wp-content\/uploads\/2024\/09\/FDSLogo-1024x1024.png 1024w, https:\/\/www.coaliciondelasamericas.org\/blog\/wp-content\/uploads\/2024\/09\/FDSLogo-150x150.png 150w, https:\/\/www.coaliciondelasamericas.org\/blog\/wp-content\/uploads\/2024\/09\/FDSLogo-768x768.png 768w\" sizes=\"auto, (max-width: 1080px) 100vw, 1080px\" \/><\/figure>\n<\/div>\n\n\n\n<div class=\"wp-block-column is-layout-flow wp-block-column-is-layout-flow\" style=\"flex-basis:80%\">\n<p><strong>Familia de Sangre 2025 &#8211; California<\/strong><br><br><strong>Objetivo:<\/strong> Esta actividad est\u00e1 dise\u00f1ada para continuar fomentando y fortaleciendo la participaci\u00f3n de los l\u00edderes y voluntarios de las Am\u00e9ricas en diversas acciones formativas en el \u00e1mbito de la hemofilia. La esperanza de contar con el apoyo para el a\u00f1o 2025.<\/p>\n<\/div>\n<\/div>\n\n\n\n<hr class=\"wp-block-separator has-text-color has-vivid-cyan-blue-color has-alpha-channel-opacity has-vivid-cyan-blue-background-color has-background is-style-wide\"\/>\n\n\n\n<div class=\"wp-block-columns is-layout-flex wp-container-core-columns-is-layout-28f84493 wp-block-columns-is-layout-flex\">\n<div class=\"wp-block-column is-layout-flow wp-block-column-is-layout-flow\" style=\"flex-basis:20%\">\n<figure class=\"wp-block-image size-full\"><img loading=\"lazy\" decoding=\"async\" width=\"520\" height=\"450\" src=\"https:\/\/www.coaliciondelasamericas.org\/blog\/wp-content\/uploads\/2024\/03\/Together.png\" alt=\"Programa Together\" class=\"wp-image-3242\" srcset=\"https:\/\/www.coaliciondelasamericas.org\/blog\/wp-content\/uploads\/2024\/03\/Together.png 520w, https:\/\/www.coaliciondelasamericas.org\/blog\/wp-content\/uploads\/2024\/03\/Together-300x260.png 300w\" sizes=\"auto, (max-width: 520px) 100vw, 520px\" \/><\/figure>\n<\/div>\n\n\n\n<div class=\"wp-block-column is-layout-flow wp-block-column-is-layout-flow\" style=\"flex-basis:80%\">\n<p><strong>Programa Together<\/strong><br><strong>Patrocinado<\/strong>: <a href=\"https:\/\/www.hog.org\/\" target=\"_blank\" rel=\"noreferrer noopener\">Hemophilia of Georgia<\/a><br><br><strong>Objetivo<\/strong>: entrenar con nuevas herramientas a las mujeres lideres de las Am\u00e9ricas y participar activamente en eventos donde \u00e9sta tem\u00e1tica est\u00e9 presente y junto a l\u00edderes de reconocimiento. Esto generar\u00e1 que cada una planifique acciones en su Organizaci\u00f3n e incida en las pol\u00edticas p\u00fablicas de salud en cada pa\u00eds para mejorar el acceso a determinada medicaci\u00f3n, pronto diagn\u00f3stico, mejora de los registros, etc.<\/p>\n\n\n\n<p><strong><a href=\"https:\/\/www.coaliciondelasamericas.org\/blog\/comites\/programa-together\/\">M\u00e1s informaci\u00f3n \u00bb <\/a><\/strong><\/p>\n<\/div>\n<\/div>\n\n\n\n<hr class=\"wp-block-separator has-text-color has-vivid-cyan-blue-color has-alpha-channel-opacity has-vivid-cyan-blue-background-color has-background is-style-wide\"\/>\n\n\n\n<p>Es importante el apoyo con recursos y posibilidades de becas. Porque para estas becas se invitan y se abren llamados para aplicar a distintos l\u00edderes, voluntarios y miembros de la comunidad de hemofilia de Am\u00e9rica para continuar form\u00e1ndose y capacit\u00e1ndose en los distintos temas y para ello es importante la participaci\u00f3n presencial en los distintos eventos a nivel regional para compartir experiencias y posteriormente crear y ejecutar proyectos.<\/p>\n","protected":false},"excerpt":{"rendered":"<p>Este programa de becas busca educar y fortalecer a los l\u00edderes de la regi\u00f3n, a trav\u00e9s de capacitaciones en diferentes<\/p>\n","protected":false},"author":1,"featured_media":0,"parent":1741,"menu_order":5,"comment_status":"closed","ping_status":"closed","template":"","meta":{"colormag_page_container_layout":"no_sidebar_content_centered","colormag_page_sidebar_layout":"no_sidebar","_coblocks_attr":"","_coblocks_dimensions":"","_coblocks_responsive_height":"","_coblocks_accordion_ie_support":"","_monsterinsights_skip_tracking":false,"_monsterinsights_sitenote_active":false,"_monsterinsights_sitenote_note":"","_monsterinsights_sitenote_category":0,"footnotes":""},"class_list":["post-3679","page","type-page","status-publish","hentry"],"yoast_head":"<!-- This site is optimized with the Yoast SEO plugin v27.4 - https:\/\/yoast.com\/product\/yoast-seo-wordpress\/ -->\n<title>Programa de Becas - Coalici&oacute;n de las Am&eacute;ricas<\/title>\n<meta name=\"description\" content=\"La Coalici\u00f3n est\u00e1 buscando organizaciones, industrias o interesados en apoyar con la capacitaci\u00f3n de determinados l\u00edderes.\" \/>\n<meta name=\"robots\" content=\"index, follow, max-snippet:-1, max-image-preview:large, max-video-preview:-1\" \/>\n<link rel=\"canonical\" href=\"https:\/\/www.coaliciondelasamericas.org\/blog\/estudios\/programa-de-becas\/\" \/>\n<meta property=\"og:locale\" content=\"es_ES\" \/>\n<meta property=\"og:type\" content=\"article\" \/>\n<meta property=\"og:title\" content=\"Programa de Becas - Coalici&oacute;n de las Am&eacute;ricas\" \/>\n<meta property=\"og:description\" content=\"La Coalici\u00f3n est\u00e1 buscando organizaciones, industrias o interesados en apoyar con la capacitaci\u00f3n de determinados l\u00edderes.\" \/>\n<meta property=\"og:url\" content=\"https:\/\/www.coaliciondelasamericas.org\/blog\/estudios\/programa-de-becas\/\" \/>\n<meta property=\"og:site_name\" content=\"Coalici&oacute;n de las Am&eacute;ricas\" \/>\n<meta property=\"article:modified_time\" content=\"2024-09-16T22:47:57+00:00\" \/>\n<meta property=\"og:image\" content=\"https:\/\/www.coaliciondelasamericas.org\/blog\/wp-content\/uploads\/2024\/07\/radn4BIyShad8RuBaoeX_0001-32954647992.png\" \/>\n<meta name=\"twitter:card\" content=\"summary_large_image\" \/>\n<meta name=\"twitter:label1\" content=\"Tiempo de lectura\" \/>\n\t<meta name=\"twitter:data1\" content=\"2 minutos\" \/>\n<script type=\"application\/ld+json\" class=\"yoast-schema-graph\">{\"@context\":\"https:\\\/\\\/schema.org\",\"@graph\":[{\"@type\":\"WebPage\",\"@id\":\"https:\\\/\\\/www.coaliciondelasamericas.org\\\/blog\\\/estudios\\\/programa-de-becas\\\/\",\"url\":\"https:\\\/\\\/www.coaliciondelasamericas.org\\\/blog\\\/estudios\\\/programa-de-becas\\\/\",\"name\":\"Programa de Becas - Coalici&oacute;n de las Am&eacute;ricas\",\"isPartOf\":{\"@id\":\"https:\\\/\\\/www.coaliciondelasamericas.org\\\/blog\\\/#website\"},\"primaryImageOfPage\":{\"@id\":\"https:\\\/\\\/www.coaliciondelasamericas.org\\\/blog\\\/estudios\\\/programa-de-becas\\\/#primaryimage\"},\"image\":{\"@id\":\"https:\\\/\\\/www.coaliciondelasamericas.org\\\/blog\\\/estudios\\\/programa-de-becas\\\/#primaryimage\"},\"thumbnailUrl\":\"https:\\\/\\\/www.coaliciondelasamericas.org\\\/blog\\\/wp-content\\\/uploads\\\/2024\\\/07\\\/radn4BIyShad8RuBaoeX_0001-32954647992.png\",\"datePublished\":\"2024-09-16T20:54:17+00:00\",\"dateModified\":\"2024-09-16T22:47:57+00:00\",\"description\":\"La Coalici\u00f3n est\u00e1 buscando organizaciones, industrias o interesados en apoyar con la capacitaci\u00f3n de determinados l\u00edderes.\",\"breadcrumb\":{\"@id\":\"https:\\\/\\\/www.coaliciondelasamericas.org\\\/blog\\\/estudios\\\/programa-de-becas\\\/#breadcrumb\"},\"inLanguage\":\"es\",\"potentialAction\":[{\"@type\":\"ReadAction\",\"target\":[\"https:\\\/\\\/www.coaliciondelasamericas.org\\\/blog\\\/estudios\\\/programa-de-becas\\\/\"]}]},{\"@type\":\"ImageObject\",\"inLanguage\":\"es\",\"@id\":\"https:\\\/\\\/www.coaliciondelasamericas.org\\\/blog\\\/estudios\\\/programa-de-becas\\\/#primaryimage\",\"url\":\"https:\\\/\\\/www.coaliciondelasamericas.org\\\/blog\\\/wp-content\\\/uploads\\\/2024\\\/07\\\/radn4BIyShad8RuBaoeX_0001-32954647992.png\",\"contentUrl\":\"https:\\\/\\\/www.coaliciondelasamericas.org\\\/blog\\\/wp-content\\\/uploads\\\/2024\\\/07\\\/radn4BIyShad8RuBaoeX_0001-32954647992.png\",\"width\":400,\"height\":400},{\"@type\":\"BreadcrumbList\",\"@id\":\"https:\\\/\\\/www.coaliciondelasamericas.org\\\/blog\\\/estudios\\\/programa-de-becas\\\/#breadcrumb\",\"itemListElement\":[{\"@type\":\"ListItem\",\"position\":1,\"name\":\"Portada\",\"item\":\"https:\\\/\\\/www.coaliciondelasamericas.org\\\/blog\\\/\"},{\"@type\":\"ListItem\",\"position\":2,\"name\":\"Proyectos\",\"item\":\"https:\\\/\\\/www.coaliciondelasamericas.org\\\/blog\\\/estudios\\\/\"},{\"@type\":\"ListItem\",\"position\":3,\"name\":\"Programa de Becas\"}]},{\"@type\":\"WebSite\",\"@id\":\"https:\\\/\\\/www.coaliciondelasamericas.org\\\/blog\\\/#website\",\"url\":\"https:\\\/\\\/www.coaliciondelasamericas.org\\\/blog\\\/\",\"name\":\"Coalici&oacute;n de las Am&eacute;ricas\",\"description\":\"Lideres Unidos por el Bienestar de la Hemofilia\",\"publisher\":{\"@id\":\"https:\\\/\\\/www.coaliciondelasamericas.org\\\/blog\\\/#organization\"},\"potentialAction\":[{\"@type\":\"SearchAction\",\"target\":{\"@type\":\"EntryPoint\",\"urlTemplate\":\"https:\\\/\\\/www.coaliciondelasamericas.org\\\/blog\\\/?s={search_term_string}\"},\"query-input\":{\"@type\":\"PropertyValueSpecification\",\"valueRequired\":true,\"valueName\":\"search_term_string\"}}],\"inLanguage\":\"es\"},{\"@type\":\"Organization\",\"@id\":\"https:\\\/\\\/www.coaliciondelasamericas.org\\\/blog\\\/#organization\",\"name\":\"Coalici&oacute;n de las Am&eacute;ricas\",\"url\":\"https:\\\/\\\/www.coaliciondelasamericas.org\\\/blog\\\/\",\"logo\":{\"@type\":\"ImageObject\",\"inLanguage\":\"es\",\"@id\":\"https:\\\/\\\/www.coaliciondelasamericas.org\\\/blog\\\/#\\\/schema\\\/logo\\\/image\\\/\",\"url\":\"https:\\\/\\\/www.coaliciondelasamericas.org\\\/blog\\\/wp-content\\\/uploads\\\/2023\\\/03\\\/cropped-01-Portada-02.png\",\"contentUrl\":\"https:\\\/\\\/www.coaliciondelasamericas.org\\\/blog\\\/wp-content\\\/uploads\\\/2023\\\/03\\\/cropped-01-Portada-02.png\",\"width\":300,\"height\":130,\"caption\":\"Coalici&oacute;n de las Am&eacute;ricas\"},\"image\":{\"@id\":\"https:\\\/\\\/www.coaliciondelasamericas.org\\\/blog\\\/#\\\/schema\\\/logo\\\/image\\\/\"}}]}<\/script>\n<!-- \/ Yoast SEO plugin. -->","yoast_head_json":{"title":"Programa de Becas - Coalici&oacute;n de las Am&eacute;ricas","description":"La Coalici\u00f3n est\u00e1 buscando organizaciones, industrias o interesados en apoyar con la capacitaci\u00f3n de determinados l\u00edderes.","robots":{"index":"index","follow":"follow","max-snippet":"max-snippet:-1","max-image-preview":"max-image-preview:large","max-video-preview":"max-video-preview:-1"},"canonical":"https:\/\/www.coaliciondelasamericas.org\/blog\/estudios\/programa-de-becas\/","og_locale":"es_ES","og_type":"article","og_title":"Programa de Becas - Coalici&oacute;n de las Am&eacute;ricas","og_description":"La Coalici\u00f3n est\u00e1 buscando organizaciones, industrias o interesados en apoyar con la capacitaci\u00f3n de determinados l\u00edderes.","og_url":"https:\/\/www.coaliciondelasamericas.org\/blog\/estudios\/programa-de-becas\/","og_site_name":"Coalici&oacute;n de las Am&eacute;ricas","article_modified_time":"2024-09-16T22:47:57+00:00","og_image":[{"url":"https:\/\/www.coaliciondelasamericas.org\/blog\/wp-content\/uploads\/2024\/07\/radn4BIyShad8RuBaoeX_0001-32954647992.png","type":"","width":"","height":""}],"twitter_card":"summary_large_image","twitter_misc":{"Tiempo de lectura":"2 minutos"},"schema":{"@context":"https:\/\/schema.org","@graph":[{"@type":"WebPage","@id":"https:\/\/www.coaliciondelasamericas.org\/blog\/estudios\/programa-de-becas\/","url":"https:\/\/www.coaliciondelasamericas.org\/blog\/estudios\/programa-de-becas\/","name":"Programa de Becas - Coalici&oacute;n de las Am&eacute;ricas","isPartOf":{"@id":"https:\/\/www.coaliciondelasamericas.org\/blog\/#website"},"primaryImageOfPage":{"@id":"https:\/\/www.coaliciondelasamericas.org\/blog\/estudios\/programa-de-becas\/#primaryimage"},"image":{"@id":"https:\/\/www.coaliciondelasamericas.org\/blog\/estudios\/programa-de-becas\/#primaryimage"},"thumbnailUrl":"https:\/\/www.coaliciondelasamericas.org\/blog\/wp-content\/uploads\/2024\/07\/radn4BIyShad8RuBaoeX_0001-32954647992.png","datePublished":"2024-09-16T20:54:17+00:00","dateModified":"2024-09-16T22:47:57+00:00","description":"La Coalici\u00f3n est\u00e1 buscando organizaciones, industrias o interesados en apoyar con la capacitaci\u00f3n de determinados l\u00edderes.","breadcrumb":{"@id":"https:\/\/www.coaliciondelasamericas.org\/blog\/estudios\/programa-de-becas\/#breadcrumb"},"inLanguage":"es","potentialAction":[{"@type":"ReadAction","target":["https:\/\/www.coaliciondelasamericas.org\/blog\/estudios\/programa-de-becas\/"]}]},{"@type":"ImageObject","inLanguage":"es","@id":"https:\/\/www.coaliciondelasamericas.org\/blog\/estudios\/programa-de-becas\/#primaryimage","url":"https:\/\/www.coaliciondelasamericas.org\/blog\/wp-content\/uploads\/2024\/07\/radn4BIyShad8RuBaoeX_0001-32954647992.png","contentUrl":"https:\/\/www.coaliciondelasamericas.org\/blog\/wp-content\/uploads\/2024\/07\/radn4BIyShad8RuBaoeX_0001-32954647992.png","width":400,"height":400},{"@type":"BreadcrumbList","@id":"https:\/\/www.coaliciondelasamericas.org\/blog\/estudios\/programa-de-becas\/#breadcrumb","itemListElement":[{"@type":"ListItem","position":1,"name":"Portada","item":"https:\/\/www.coaliciondelasamericas.org\/blog\/"},{"@type":"ListItem","position":2,"name":"Proyectos","item":"https:\/\/www.coaliciondelasamericas.org\/blog\/estudios\/"},{"@type":"ListItem","position":3,"name":"Programa de Becas"}]},{"@type":"WebSite","@id":"https:\/\/www.coaliciondelasamericas.org\/blog\/#website","url":"https:\/\/www.coaliciondelasamericas.org\/blog\/","name":"Coalici&oacute;n de las Am&eacute;ricas","description":"Lideres Unidos por el Bienestar de la Hemofilia","publisher":{"@id":"https:\/\/www.coaliciondelasamericas.org\/blog\/#organization"},"potentialAction":[{"@type":"SearchAction","target":{"@type":"EntryPoint","urlTemplate":"https:\/\/www.coaliciondelasamericas.org\/blog\/?s={search_term_string}"},"query-input":{"@type":"PropertyValueSpecification","valueRequired":true,"valueName":"search_term_string"}}],"inLanguage":"es"},{"@type":"Organization","@id":"https:\/\/www.coaliciondelasamericas.org\/blog\/#organization","name":"Coalici&oacute;n de las Am&eacute;ricas","url":"https:\/\/www.coaliciondelasamericas.org\/blog\/","logo":{"@type":"ImageObject","inLanguage":"es","@id":"https:\/\/www.coaliciondelasamericas.org\/blog\/#\/schema\/logo\/image\/","url":"https:\/\/www.coaliciondelasamericas.org\/blog\/wp-content\/uploads\/2023\/03\/cropped-01-Portada-02.png","contentUrl":"https:\/\/www.coaliciondelasamericas.org\/blog\/wp-content\/uploads\/2023\/03\/cropped-01-Portada-02.png","width":300,"height":130,"caption":"Coalici&oacute;n de las Am&eacute;ricas"},"image":{"@id":"https:\/\/www.coaliciondelasamericas.org\/blog\/#\/schema\/logo\/image\/"}}]}},"_links":{"self":[{"href":"https:\/\/www.coaliciondelasamericas.org\/blog\/wp-json\/wp\/v2\/pages\/3679","targetHints":{"allow":["GET"]}}],"collection":[{"href":"https:\/\/www.coaliciondelasamericas.org\/blog\/wp-json\/wp\/v2\/pages"}],"about":[{"href":"https:\/\/www.coaliciondelasamericas.org\/blog\/wp-json\/wp\/v2\/types\/page"}],"author":[{"embeddable":true,"href":"https:\/\/www.coaliciondelasamericas.org\/blog\/wp-json\/wp\/v2\/users\/1"}],"replies":[{"embeddable":true,"href":"https:\/\/www.coaliciondelasamericas.org\/blog\/wp-json\/wp\/v2\/comments?post=3679"}],"version-history":[{"count":12,"href":"https:\/\/www.coaliciondelasamericas.org\/blog\/wp-json\/wp\/v2\/pages\/3679\/revisions"}],"predecessor-version":[{"id":3711,"href":"https:\/\/www.coaliciondelasamericas.org\/blog\/wp-json\/wp\/v2\/pages\/3679\/revisions\/3711"}],"up":[{"embeddable":true,"href":"https:\/\/www.coaliciondelasamericas.org\/blog\/wp-json\/wp\/v2\/pages\/1741"}],"wp:attachment":[{"href":"https:\/\/www.coaliciondelasamericas.org\/blog\/wp-json\/wp\/v2\/media?parent=3679"}],"curies":[{"name":"wp","href":"https:\/\/api.w.org\/{rel}","templated":true}]}}